{"id":41,"date":"2024-06-03T09:33:45","date_gmt":"2024-06-03T09:33:45","guid":{"rendered":"https:\/\/autocarrozzerialabovesana.edisoft.net\/?page_id=41"},"modified":"2024-07-05T14:37:12","modified_gmt":"2024-07-05T14:37:12","slug":"home","status":"publish","type":"page","link":"https:\/\/autocarrozzerialabovesana.it\/","title":{"rendered":"Home"},"content":{"rendered":"\t\t<div data-elementor-type=\"wp-page\" data-elementor-id=\"41\" class=\"elementor elementor-41\" data-elementor-post-type=\"page\">\n\t\t\t\t<div class=\"elementor-element elementor-element-d5cfde3 e-flex e-con-boxed e-con e-parent\" data-id=\"d5cfde3\" data-element_type=\"container\" data-settings=\"{&quot;background_background&quot;:&quot;classic&quot;}\">\n\t\t\t\t\t<div class=\"e-con-inner\">\n\t\t\t\t<div class=\"elementor-element elementor-element-3ecd55be elementor-invisible elementor-widget elementor-widget-heading\" data-id=\"3ecd55be\" data-element_type=\"widget\" data-settings=\"{&quot;_animation&quot;:&quot;fadeIn&quot;}\" data-widget_type=\"heading.default\">\n\t\t\t\t<div class=\"elementor-widget-container\">\n\t\t\t\t\t<h1 class=\"elementor-heading-title elementor-size-default\">Cerchi una carrozzeria specializzata in riparazioni auto a Boves?\n\n<br>\n\nLa Bovesana \u00e8 la scelta giusta!<\/h1>\t\t\t\t<\/div>\n\t\t\t\t<\/div>\n\t\t\t\t<div class=\"elementor-element elementor-element-2a921c06 elementor-align-center elementor-invisible elementor-widget elementor-widget-button\" data-id=\"2a921c06\" data-element_type=\"widget\" data-settings=\"{&quot;_animation&quot;:&quot;fadeIn&quot;,&quot;_animation_delay&quot;:400}\" data-widget_type=\"button.default\">\n\t\t\t\t<div class=\"elementor-widget-container\">\n\t\t\t\t\t\t\t\t\t<div class=\"elementor-button-wrapper\">\n\t\t\t\t\t<a class=\"elementor-button elementor-button-link elementor-size-sm\" href=\"https:\/\/autocarrozzerialabovesana.it\/?page_id=20\">\n\t\t\t\t\t\t<span class=\"elementor-button-content-wrapper\">\n\t\t\t\t\t\t\t\t\t<span class=\"elementor-button-text\">Contattaci<\/span>\n\t\t\t\t\t<\/span>\n\t\t\t\t\t<\/a>\n\t\t\t\t<\/div>\n\t\t\t\t\t\t\t\t<\/div>\n\t\t\t\t<\/div>\n\t\t\t\t\t<\/div>\n\t\t\t\t<\/div>\n\t\t<div class=\"elementor-element elementor-element-76b52626 e-flex e-con-boxed e-con e-parent\" data-id=\"76b52626\" data-element_type=\"container\">\n\t\t\t\t\t<div class=\"e-con-inner\">\n\t\t\t\t<div class=\"elementor-element elementor-element-30e5297 elementor-widget elementor-widget-heading\" data-id=\"30e5297\" data-element_type=\"widget\" data-widget_type=\"heading.default\">\n\t\t\t\t<div class=\"elementor-widget-container\">\n\t\t\t\t\t<h2 class=\"elementor-heading-title elementor-size-default\">AUTOCARROZZERIA LA BOVESANA<\/h2>\t\t\t\t<\/div>\n\t\t\t\t<\/div>\n\t\t\t\t<div class=\"elementor-element elementor-element-ccbb979 elementor-widget elementor-widget-heading\" data-id=\"ccbb979\" data-element_type=\"widget\" data-widget_type=\"heading.default\">\n\t\t\t\t<div class=\"elementor-widget-container\">\n\t\t\t\t\t<h5 class=\"elementor-heading-title elementor-size-default\">L'autocarrozzeria La Bovesana si trova a Boves, in provincia di Cuneo, dove si \u00e8 affermata nel settore delle riparazioni auto garantendo numerosi servizi di qualit\u00e0. Il centro, attivo oramai da numerosi anni, si occupa di interventi di carrozzeria per ogni marca e modello di auto ed esegue anche riparazioni di auto grandinate e verniciature. Con numerosi anni di esperienza nel settore, la carrozzeria \u00e8 apprezzata per la qualit\u00e0 e la precisione dei propri servizi, tra cui rientrano anche vari interventi specialistici, come nel caso della sostituzione dei parabrezza e vetri, calibrazione sensori ADAS (assistenza alla guida), assistenza carroattrezzi e viene fornita auto sostitutiva. \n\nAffidatevi ad un team di carrozzieri pronti ad assistervi a partire dalla consegna dell'auto fino alla sua riconsegna e in grado di offrirvi delle consulenze su misura per ogni problematica. Il centro di riparazioni auto \u00e8 conosciuto anche nei paesi limitrofi e si occupa di ricambi e componenti auto garantendovi sempre qualit\u00e0 e prezzi competitivi.<\/h5>\t\t\t\t<\/div>\n\t\t\t\t<\/div>\n\t\t\t\t\t<\/div>\n\t\t\t\t<\/div>\n\t\t<div class=\"elementor-element elementor-element-b9d6cc6 e-flex e-con-boxed e-con e-parent\" data-id=\"b9d6cc6\" data-element_type=\"container\">\n\t\t\t\t\t<div class=\"e-con-inner\">\n\t\t\t\t<div class=\"elementor-element elementor-element-35eb9b8 elementor-widget elementor-widget-gallery\" data-id=\"35eb9b8\" data-element_type=\"widget\" data-settings=\"{&quot;columns_mobile&quot;:2,&quot;lazyload&quot;:&quot;yes&quot;,&quot;gallery_layout&quot;:&quot;grid&quot;,&quot;columns&quot;:4,&quot;columns_tablet&quot;:2,&quot;gap&quot;:{&quot;unit&quot;:&quot;px&quot;,&quot;size&quot;:10,&quot;sizes&quot;:[]},&quot;gap_tablet&quot;:{&quot;unit&quot;:&quot;px&quot;,&quot;size&quot;:10,&quot;sizes&quot;:[]},&quot;gap_mobile&quot;:{&quot;unit&quot;:&quot;px&quot;,&quot;size&quot;:10,&quot;sizes&quot;:[]},&quot;link_to&quot;:&quot;file&quot;,&quot;aspect_ratio&quot;:&quot;3:2&quot;,&quot;overlay_background&quot;:&quot;yes&quot;,&quot;content_hover_animation&quot;:&quot;fade-in&quot;}\" data-widget_type=\"gallery.default\">\n\t\t\t\t<div class=\"elementor-widget-container\">\n\t\t\t\t\t\t\t<div class=\"elementor-gallery__container\">\n\t\t\t\t\t\t\t<a class=\"e-gallery-item elementor-gallery-item elementor-animated-content\" href=\"https:\/\/autocarrozzerialabovesana.it\/wp-content\/uploads\/2024\/06\/0WO0N0000024yMPWAY_14412693-1920w.webp\" data-elementor-open-lightbox=\"yes\" data-elementor-lightbox-slideshow=\"35eb9b8\" data-elementor-lightbox-title=\"0WO0N0000024yMPWAY_14412693-1920w\" data-e-action-hash=\"#elementor-action%3Aaction%3Dlightbox%26settings%3DeyJpZCI6NzcsInVybCI6Imh0dHBzOlwvXC9hdXRvY2Fycm96emVyaWFsYWJvdmVzYW5hLml0XC93cC1jb250ZW50XC91cGxvYWRzXC8yMDI0XC8wNlwvMFdPME4wMDAwMDI0eU1QV0FZXzE0NDEyNjkzLTE5MjB3LndlYnAiLCJzbGlkZXNob3ciOiIzNWViOWI4In0%3D\">\n\t\t\t\t\t<div class=\"e-gallery-image elementor-gallery-item__image\" data-thumbnail=\"https:\/\/autocarrozzerialabovesana.it\/wp-content\/uploads\/2024\/06\/0WO0N0000024yMPWAY_14412693-1920w.webp\" data-width=\"640\" data-height=\"480\" aria-label=\"\" role=\"img\" ><\/div>\n\t\t\t\t\t\t\t\t\t\t\t<div class=\"elementor-gallery-item__overlay\"><\/div>\n\t\t\t\t\t\t\t\t\t\t\t\t\t\t<\/a>\n\t\t\t\t\t\t\t<a class=\"e-gallery-item elementor-gallery-item elementor-animated-content\" href=\"https:\/\/autocarrozzerialabovesana.it\/wp-content\/uploads\/2024\/06\/0WO0N0000024yMPWAY_14412696-1920w.webp\" data-elementor-open-lightbox=\"yes\" data-elementor-lightbox-slideshow=\"35eb9b8\" data-elementor-lightbox-title=\"0WO0N0000024yMPWAY_14412696-1920w\" data-e-action-hash=\"#elementor-action%3Aaction%3Dlightbox%26settings%3DeyJpZCI6NzgsInVybCI6Imh0dHBzOlwvXC9hdXRvY2Fycm96emVyaWFsYWJvdmVzYW5hLml0XC93cC1jb250ZW50XC91cGxvYWRzXC8yMDI0XC8wNlwvMFdPME4wMDAwMDI0eU1QV0FZXzE0NDEyNjk2LTE5MjB3LndlYnAiLCJzbGlkZXNob3ciOiIzNWViOWI4In0%3D\">\n\t\t\t\t\t<div class=\"e-gallery-image elementor-gallery-item__image\" data-thumbnail=\"https:\/\/autocarrozzerialabovesana.it\/wp-content\/uploads\/2024\/06\/0WO0N0000024yMPWAY_14412696-1920w.webp\" data-width=\"640\" data-height=\"480\" aria-label=\"\" role=\"img\" ><\/div>\n\t\t\t\t\t\t\t\t\t\t\t<div class=\"elementor-gallery-item__overlay\"><\/div>\n\t\t\t\t\t\t\t\t\t\t\t\t\t\t<\/a>\n\t\t\t\t\t\t\t<a class=\"e-gallery-item elementor-gallery-item elementor-animated-content\" href=\"https:\/\/autocarrozzerialabovesana.it\/wp-content\/uploads\/2024\/06\/0WO0N0000024yMPWAY_14412692-1920w.webp\" data-elementor-open-lightbox=\"yes\" data-elementor-lightbox-slideshow=\"35eb9b8\" data-elementor-lightbox-title=\"0WO0N0000024yMPWAY_14412692-1920w\" data-e-action-hash=\"#elementor-action%3Aaction%3Dlightbox%26settings%3DeyJpZCI6NzYsInVybCI6Imh0dHBzOlwvXC9hdXRvY2Fycm96emVyaWFsYWJvdmVzYW5hLml0XC93cC1jb250ZW50XC91cGxvYWRzXC8yMDI0XC8wNlwvMFdPME4wMDAwMDI0eU1QV0FZXzE0NDEyNjkyLTE5MjB3LndlYnAiLCJzbGlkZXNob3ciOiIzNWViOWI4In0%3D\">\n\t\t\t\t\t<div class=\"e-gallery-image elementor-gallery-item__image\" data-thumbnail=\"https:\/\/autocarrozzerialabovesana.it\/wp-content\/uploads\/2024\/06\/0WO0N0000024yMPWAY_14412692-1920w.webp\" data-width=\"640\" data-height=\"480\" aria-label=\"\" role=\"img\" ><\/div>\n\t\t\t\t\t\t\t\t\t\t\t<div class=\"elementor-gallery-item__overlay\"><\/div>\n\t\t\t\t\t\t\t\t\t\t\t\t\t\t<\/a>\n\t\t\t\t\t\t\t<a class=\"e-gallery-item elementor-gallery-item elementor-animated-content\" href=\"https:\/\/autocarrozzerialabovesana.it\/wp-content\/uploads\/2024\/06\/0WO0N0000024yMPWAY_Verniciaturaafuoco-1920w.webp\" data-elementor-open-lightbox=\"yes\" data-elementor-lightbox-slideshow=\"35eb9b8\" data-elementor-lightbox-title=\"0WO0N0000024yMPWAY_Verniciatura+a+fuoco-1920w\" data-e-action-hash=\"#elementor-action%3Aaction%3Dlightbox%26settings%3DeyJpZCI6NzksInVybCI6Imh0dHBzOlwvXC9hdXRvY2Fycm96emVyaWFsYWJvdmVzYW5hLml0XC93cC1jb250ZW50XC91cGxvYWRzXC8yMDI0XC8wNlwvMFdPME4wMDAwMDI0eU1QV0FZX1Zlcm5pY2lhdHVyYWFmdW9jby0xOTIwdy53ZWJwIiwic2xpZGVzaG93IjoiMzVlYjliOCJ9\">\n\t\t\t\t\t<div class=\"e-gallery-image elementor-gallery-item__image\" data-thumbnail=\"https:\/\/autocarrozzerialabovesana.it\/wp-content\/uploads\/2024\/06\/0WO0N0000024yMPWAY_Verniciaturaafuoco-1920w.webp\" data-width=\"573\" data-height=\"400\" aria-label=\"\" role=\"img\" ><\/div>\n\t\t\t\t\t\t\t\t\t\t\t<div class=\"elementor-gallery-item__overlay\"><\/div>\n\t\t\t\t\t\t\t\t\t\t\t\t\t\t<\/a>\n\t\t\t\t\t<\/div>\n\t\t\t\t\t<\/div>\n\t\t\t\t<\/div>\n\t\t\t\t<div class=\"elementor-element elementor-element-63c7924 elementor-align-center elementor-invisible elementor-widget elementor-widget-button\" data-id=\"63c7924\" data-element_type=\"widget\" data-settings=\"{&quot;_animation&quot;:&quot;fadeIn&quot;,&quot;_animation_delay&quot;:400}\" data-widget_type=\"button.default\">\n\t\t\t\t<div class=\"elementor-widget-container\">\n\t\t\t\t\t\t\t\t\t<div class=\"elementor-button-wrapper\">\n\t\t\t\t\t<a class=\"elementor-button elementor-button-link elementor-size-sm\" href=\"https:\/\/autocarrozzerialabovesana.it\/?page_id=25\">\n\t\t\t\t\t\t<span class=\"elementor-button-content-wrapper\">\n\t\t\t\t\t\t\t\t\t<span class=\"elementor-button-text\">I NOSTRI SERVIZI<\/span>\n\t\t\t\t\t<\/span>\n\t\t\t\t\t<\/a>\n\t\t\t\t<\/div>\n\t\t\t\t\t\t\t\t<\/div>\n\t\t\t\t<\/div>\n\t\t\t\t\t<\/div>\n\t\t\t\t<\/div>\n\t\t<div class=\"elementor-element elementor-element-4c3cac6b e-flex e-con-boxed e-con e-parent\" data-id=\"4c3cac6b\" data-element_type=\"container\">\n\t\t\t\t\t<div class=\"e-con-inner\">\n\t\t<div class=\"elementor-element elementor-element-38737bf9 e-con-full e-flex e-con e-child\" data-id=\"38737bf9\" data-element_type=\"container\">\n\t\t\t\t<div class=\"elementor-element elementor-element-58edc35 elementor-widget elementor-widget-image\" data-id=\"58edc35\" data-element_type=\"widget\" data-widget_type=\"image.default\">\n\t\t\t\t<div class=\"elementor-widget-container\">\n\t\t\t\t\t\t\t\t\t\t\t\t\t\t\t<img fetchpriority=\"high\" decoding=\"async\" width=\"474\" height=\"624\" src=\"https:\/\/autocarrozzerialabovesana.it\/wp-content\/uploads\/2024\/06\/SINISTRI-STRADALI-1.jpg\" class=\"attachment-large size-large wp-image-92\" alt=\"\" srcset=\"https:\/\/autocarrozzerialabovesana.it\/wp-content\/uploads\/2024\/06\/SINISTRI-STRADALI-1.jpg 474w, https:\/\/autocarrozzerialabovesana.it\/wp-content\/uploads\/2024\/06\/SINISTRI-STRADALI-1-228x300.jpg 228w\" sizes=\"(max-width: 474px) 100vw, 474px\" \/>\t\t\t\t\t\t\t\t\t\t\t\t\t\t\t<\/div>\n\t\t\t\t<\/div>\n\t\t\t\t<\/div>\n\t\t<div class=\"elementor-element elementor-element-baca978 e-con-full e-flex e-con e-child\" data-id=\"baca978\" data-element_type=\"container\">\n\t\t\t\t<div class=\"elementor-element elementor-element-acdf58d elementor-widget elementor-widget-heading\" data-id=\"acdf58d\" data-element_type=\"widget\" data-widget_type=\"heading.default\">\n\t\t\t\t<div class=\"elementor-widget-container\">\n\t\t\t\t\t<h2 class=\"elementor-heading-title elementor-size-default\">Disbrigo pratiche a seguito dei sinistri stradali<\/h2>\t\t\t\t<\/div>\n\t\t\t\t<\/div>\n\t\t\t\t<div class=\"elementor-element elementor-element-41e0eaa elementor-widget elementor-widget-text-editor\" data-id=\"41e0eaa\" data-element_type=\"widget\" data-widget_type=\"text-editor.default\">\n\t\t\t\t<div class=\"elementor-widget-container\">\n\t\t\t\t\t\t\t\t\t<p>L&#8217;esperienza degli operatori del centro auto di Boves consente alla carrozzeria di assistervi anche nelle pratiche assicurative a seguito dei sinistri e in tutto ci\u00f2 che ne consegue. La\u00a0<b>carrozzeria<\/b>, oltre alle riparazioni auto, si occupa infatti di tutto ci\u00f2 che occorre per garantirvi un&#8217;assistenza automobilistica di primo livello.\u00a0<\/p><div>\u00a0<\/div><div>Nella sede di Boves, in provincia di Cuneo, troverete poi macchinari e attrezzature di ultima generazione capaci di garantirvi i maggiori standard del settore. La carrozzeria, apprezzata\u00a0 in tutto il territorio limitrofo, rappresenta un partner di fiducia per ogni automobilista che desideri solo il meglio per la propria auto.<\/div>\t\t\t\t\t\t\t\t<\/div>\n\t\t\t\t<\/div>\n\t\t\t\t<\/div>\n\t\t\t\t\t<\/div>\n\t\t\t\t<\/div>\n\t\t<div class=\"elementor-element elementor-element-c7860ba e-flex e-con-boxed e-con e-parent\" data-id=\"c7860ba\" data-element_type=\"container\">\n\t\t\t\t\t<div class=\"e-con-inner\">\n\t\t<div class=\"elementor-element elementor-element-9bd355e e-con-full e-flex e-con e-child\" data-id=\"9bd355e\" data-element_type=\"container\">\n\t\t\t\t<div class=\"elementor-element elementor-element-4d1ba5f elementor-widget elementor-widget-heading\" data-id=\"4d1ba5f\" data-element_type=\"widget\" data-widget_type=\"heading.default\">\n\t\t\t\t<div class=\"elementor-widget-container\">\n\t\t\t\t\t<h2 class=\"elementor-heading-title elementor-size-default\">Verniciature e riparazioni auto in tempi rapidi<\/h2>\t\t\t\t<\/div>\n\t\t\t\t<\/div>\n\t\t\t\t<div class=\"elementor-element elementor-element-d4fc860 elementor-widget elementor-widget-text-editor\" data-id=\"d4fc860\" data-element_type=\"widget\" data-widget_type=\"text-editor.default\">\n\t\t\t\t<div class=\"elementor-widget-container\">\n\t\t\t\t\t\t\t\t\t<p>Dalle verniciature alla ricambistica, la carrozzeria La Bovesana \u00e8 un punto di riferimento per ogni automobilista. Il centro auto, dalle riparazioni alla sostituzione dei\u00a0<b>parabrezza<\/b>, vanta infatti tutte le competenze e l&#8217;esperienza necessaria per garantirvi sempre il meglio.\u00a0<\/p><div>\u00a0<\/div><div>Oltre che per la qualit\u00e0 degli interventi, La Bovesana si distingue poi per l&#8217;efficienza e oggi \u00e8 rinomata anche nei comuni limitrofi e non solo. Il personale che opera presso la carrozzeria di Boves potr\u00e0 provvedere inoltre ad occuparsi del completo\u00a0<b>disbrigo amministrativo<\/b>\u00a0a seguito dei sinistri stradali.<\/div>\t\t\t\t\t\t\t\t<\/div>\n\t\t\t\t<\/div>\n\t\t\t\t<\/div>\n\t\t<div class=\"elementor-element elementor-element-44cbbaa e-con-full e-flex e-con e-child\" data-id=\"44cbbaa\" data-element_type=\"container\">\n\t\t\t\t<div class=\"elementor-element elementor-element-2e52fd5 elementor-widget elementor-widget-image\" data-id=\"2e52fd5\" data-element_type=\"widget\" data-widget_type=\"image.default\">\n\t\t\t\t<div class=\"elementor-widget-container\">\n\t\t\t\t\t\t\t\t\t\t\t\t\t\t\t<img decoding=\"async\" width=\"473\" height=\"496\" src=\"https:\/\/autocarrozzerialabovesana.it\/wp-content\/uploads\/2024\/06\/vernice.jpg\" class=\"attachment-full size-full wp-image-199\" alt=\"\" srcset=\"https:\/\/autocarrozzerialabovesana.it\/wp-content\/uploads\/2024\/06\/vernice.jpg 473w, https:\/\/autocarrozzerialabovesana.it\/wp-content\/uploads\/2024\/06\/vernice-286x300.jpg 286w\" sizes=\"(max-width: 473px) 100vw, 473px\" \/>\t\t\t\t\t\t\t\t\t\t\t\t\t\t\t<\/div>\n\t\t\t\t<\/div>\n\t\t\t\t<\/div>\n\t\t\t\t\t<\/div>\n\t\t\t\t<\/div>\n\t\t\t\t<\/div>\n\t\t","protected":false},"excerpt":{"rendered":"<p>Cerchi una carrozzeria specializzata in riparazioni auto a Boves? La Bovesana \u00e8 la scelta giusta! Contattaci AUTOCARROZZERIA LA BOVESANA L&#8217;autocarrozzeria La Bovesana si trova a Boves, in provincia di Cuneo, dove si \u00e8 affermata nel settore delle riparazioni auto garantendo numerosi servizi di qualit\u00e0. Il centro, attivo oramai da numerosi anni, si occupa di interventi &#8230; <a title=\"Home\" class=\"read-more\" href=\"https:\/\/autocarrozzerialabovesana.it\/\" aria-label=\"Read more about Home\">Read more<\/a><\/p>\n","protected":false},"author":1,"featured_media":0,"parent":0,"menu_order":0,"comment_status":"closed","ping_status":"closed","template":"elementor_header_footer","meta":{"footnotes":""},"class_list":["post-41","page","type-page","status-publish"],"_links":{"self":[{"href":"https:\/\/autocarrozzerialabovesana.it\/index.php?rest_route=\/wp\/v2\/pages\/41","targetHints":{"allow":["GET"]}}],"collection":[{"href":"https:\/\/autocarrozzerialabovesana.it\/index.php?rest_route=\/wp\/v2\/pages"}],"about":[{"href":"https:\/\/autocarrozzerialabovesana.it\/index.php?rest_route=\/wp\/v2\/types\/page"}],"author":[{"embeddable":true,"href":"https:\/\/autocarrozzerialabovesana.it\/index.php?rest_route=\/wp\/v2\/users\/1"}],"replies":[{"embeddable":true,"href":"https:\/\/autocarrozzerialabovesana.it\/index.php?rest_route=%2Fwp%2Fv2%2Fcomments&post=41"}],"version-history":[{"count":64,"href":"https:\/\/autocarrozzerialabovesana.it\/index.php?rest_route=\/wp\/v2\/pages\/41\/revisions"}],"predecessor-version":[{"id":331,"href":"https:\/\/autocarrozzerialabovesana.it\/index.php?rest_route=\/wp\/v2\/pages\/41\/revisions\/331"}],"wp:attachment":[{"href":"https:\/\/autocarrozzerialabovesana.it\/index.php?rest_route=%2Fwp%2Fv2%2Fmedia&parent=41"}],"curies":[{"name":"wp","href":"https:\/\/api.w.org\/{rel}","templated":true}]}}